est common factor of 21 and 567?
21
What is the greatest common divisor of 275 and 200?
25
What is the highest common divisor of 96 and 12?
12
Calculate the greatest common factor of 1633 and 71.
71
Calculate the greatest common divisor of 200 and 1675.
25
What is the highest common factor of 675 and 117?
9
What is the greatest common divisor of 14 and 406?
14
What is the highest common factor of 244 and 427?
61
Calculate the highest common divisor of 216 and 13608.
216
What is the greatest common factor of 12705 and 140?
35
What is the highest common factor of 36 and 184?
4
What is the highest common factor of 376 and 846?
94
Calculate the greatest common factor of 964 and 36.
4
Calculate the greatest common divisor of 156 and 416.
52
Calculate the highest common divisor of 133 and 551.
19
What is the highest common divisor of 37485 and 153?
153
Calculate the greatest common factor of 2581 and 29.
29
What is the highest common divisor of 127 and 1?
1
Calculate the greatest common factor of 3317 and 31.
31
Calculate the greatest common factor of 32 and 144.
16
What is the greatest common divisor of 93 and 1209?
93
Calculate the greatest common divisor of 6 and 411.
3
What is the greatest common divisor of 468 and 52?
52
Calculate the highest common factor of 375 and 15625.
125
What is the highest common factor of 132 and 231?
33
What is the highest common divisor of 5 and 145?
5
Calculate the highest common factor of 2652 and 104.
52
What is the greatest common divisor of 12111 and 363?
33
What is the greatest common divisor of 792 and 36?
36
What is the highest common divisor of 56 and 14?
14
Calculate the greatest common divisor of 3744 and 1287.
117
What is the greatest common factor of 88 and 341?
11
What is the greatest common factor of 132 and 462?
66
Calculate the greatest common divisor of 81 and 108.
27
What is the greatest common divisor of 306 and 54?
18
Calculate the greatest common factor of 28 and 644.
28
Calculate the highest common factor of 16 and 976.
16
What is the highest common divisor of 80 and 400?
80
Calculate the highest common divisor of 32 and 3688.
8
Calculate the greatest common divisor of 16145 and 5.
5
Calculate the greatest common factor of 121 and 847.
121
What is the highest common factor of 22 and 24332?
22
What is the highest common divisor of 15 and 5520?
15
What is the highest common divisor of 19 and 2071?
19
Calculate the greatest common divisor of 7 and 1512.
7
What is the greatest common factor of 963 and 72?
9
Calculate the highest common divisor of 315 and 70.
35
Calculate the highest common divisor of 598 and 130.
26
What is the highest common factor of 222 and 4218?
222
Calculate the highest common divisor of 310 and 5.
5
Calculate the greatest common factor of 324 and 351.
27
What is the highest common factor of 1968 and 123?
123
What is the greatest common factor of 9 and 35541?
9
Calculate the greatest common factor of 42 and 1498.
14
Calculate the highest common factor of 96 and 108.
12
What is the highest common factor of 1246 and 7120?
178
Calculate the greatest common factor of 99 and 253.
11
Calculate the highest common divisor of 64 and 96.
32
What is the highest common divisor of 147 and 4683?
21
Calculate the highest common divisor of 112 and 1024.
16
What is the greatest common divisor of 490 and 10?
10
Calculate the greatest common factor of 162 and 1053.
81
Calculate the greatest common divisor of 33 and 352.
11
What is the greatest common divisor of 63308 and 136?
68
What is the highest common divisor of 1184 and 37?
37
What is the highest common divisor of 84 and 2324?
28
Calculate the highest common divisor of 12642 and 172.
86
What is the highest common divisor of 3535 and 404?
101
What is the highest common divisor of 10013 and 57?
19
What is the greatest common divisor of 63 and 24?
3
Calculate the greatest common divisor of 38 and 5567.
19
What is the greatest common factor of 584 and 73?
73
What is the greatest common factor of 87 and 2?
1
What is the greatest common factor of 280 and 160?
40
Calculate the greatest common factor of 36 and 45.
9
Calculate the highest common factor of 32 and 80.
16
What is the highest common divisor of 16 and 76?
4
What is the greatest common factor of 350 and 105?
35
What is the highest common divisor of 304 and 176?
16
Calculate the highest common factor of 2642 and 6.
2
What is the greatest common divisor of 1222 and 78?
26
Calculate the highest common factor of 246 and 62.
2
What is the greatest common factor of 1 and 83?
1
What is the greatest common divisor of 143 and 1045?
11
Calculate the highest common factor of 365 and 657.
73
Calculate the highest common factor of 574 and 42.
14
What is the greatest common divisor of 437 and 38?
19
Calculate the greatest common divisor of 372 and 648.
12
What is the greatest common factor of 1825 and 25?
25
What is the greatest common factor of 9 and 720?
9
Calculate the highest common factor of 111 and 8325.
111
Calculate the greatest common factor of 300 and 36.
12
What is the highest common divisor of 205 and 861?
41
Calculate the highest common factor of 280 and 42.
14
What is the highest common divisor of 52 and 3302?
26
What is the highest common factor of 350 and 50?
50
What is the highest common factor of 176 and 48?
16
Calculate the highest common divisor of 36 and 608.
4
Calculate the greatest common factor of 323 and 85.
17
Calculate the highest common factor of 332 and 4.
4
What is the highest common divisor of 22 and 1133?
11
Calculate the greatest common factor of 138 and 360.
6
What is the greatest common divisor of 200 and 675?
25
What is the highest common divisor of 1808 and 8?
8
Calculate the highest common factor of 48 and 336.
48
Calculate the greatest common factor of 4094 and 276.
46
What is the highest common divisor of 32 and 5936?
16
Calculate the highest common factor of 84 and 28266.
42
What is the highest common factor of 247 and 5092?
19
What is the highest common divisor of 86 and 258?
86
What is the highest common factor of 295 and 413?
59
Calculate the highest common divisor of 4758 and 61.
61
Calculate the highest common divisor of 37 and 6.
1
Calculate the highest common divisor of 494 and 76.
38
Calculate the highest common factor of 35 and 301.
7
What is the greatest common divisor of 18 and 8?
2
What is the highest common divisor of 5100 and 40?
20
What is the greatest common divisor of 288 and 2448?
144
Calculate the highest common factor of 17019 and 837.
279
Calculate the greatest common divisor of 35 and 35.
35
What is the greatest common divisor of 51 and 27?
3
Calculate the greatest common factor of 540 and 105.
15
Calculate the highest common divisor of 3174 and 138.
138
Calculate the highest common divisor of 56 and 161224.
56
Calculate the greatest common divisor of 19 and 28918.
19
Calculate the greatest common factor of 117 and 9.
9
Calculate the highest common divisor of 200 and 10.
10
Calculate the highest common divisor of 126 and 7098.
42
What is the greatest common divisor of 20 and 50?
10
What is the greatest common factor of 848 and 80?
16
Calculate the greatest common factor of 159 and 2067.
159
What is the greatest common divisor of 3503 and 113?
113
What is the highest common factor of 2145 and 2015?
65
Calculate the greatest common factor of 7749 and 231.
21
Calculate the highest common divisor of 3358 and 146.
146
What is the greatest common factor of 72 and 99?
9
Calculate the greatest common divisor of 12 and 993.
3
Calculate the highest common factor of 33 and 539.
11
What is the highest common divisor of 90 and 5640?
30
What is the highest common divisor of 78 and 48?
6
Calculate the greatest common divisor of 828 and 468.
36
What is the greatest common factor of 22 and 1056?
22
Calculate the highest common factor of 410 and 3895.
205
Calculate the highest common divisor of 141 and 6674.
47
What is the greatest common factor of 858 and 66?
66
Calculate the greatest common factor of 49 and 14.
7
What is the highest common factor of 30286 and 38?
38
Calculate the greatest common factor of 78997 and 197.
197
Calculate the highest common divisor of 1586 and 13.
13
Calculate the greatest common divisor of 165 and 33.
33
Calculate the gre